{"id":22,"date":"2016-01-29T19:21:30","date_gmt":"2016-01-29T19:21:30","guid":{"rendered":"http:\/\/wp.alexandre-mesle.com\/?page_id=22"},"modified":"2018-08-27T09:32:03","modified_gmt":"2018-08-27T07:32:03","slug":"musique","status":"publish","type":"page","link":"https:\/\/www.alexandre-mesle.com\/index.php\/musique\/","title":{"rendered":"Musique"},"content":{"rendered":"<p>J\u2019essaie, depuis quelques ann\u00e9es, de devenir de moins en moins m\u00e9diocre dans la pratique des instruments sur lesquels je m\u2019\u00e9corche fr\u00e9quement les doigts (guitare, basse, piano). J\u2019ai l\u2019intention, \u00e0 la mesure du temps libre que j\u2019aurai, de placer dans ces pages les dates des concerts et divers enregistrements.<\/p>\n<p>Voici quelques liens pour les curieux.<\/p>\n<!-- Beginning of Link Library Output --><div id='linklist1' class='linklist'><!-- Div Linklist -->\n<div class=\"LinkLibraryCat LinkLibraryCat35 level0\"><!-- Div Category --><div id=\"musique\"><!-- Div Category Name --><div class=\"linklistcatname\"><!-- Div Cat Name --><span class=\"linklistcatclass\">Musique<\/span><\/div><!-- DivOrHeader --><\/div><!-- Div Category Name --><table>\n\t<table class='linklisttable'>\n<tr><td><a href=\"http:\/\/myspace.com\/quatuorarteffect\" id=\"link-438\" class=\"track_this_link \" rel=\"noopener noreferrer\" title=\"Art&#039;effect\"><img decoding=\"async\" src=\"https:\/\/www.robothumb.com\/src\/?url=http:\/\/myspace.com\/quatuorarteffect&size=120x90\"\/><\/a><\/td><td><a href=\"http:\/\/myspace.com\/quatuorarteffect\" id=\"link-438\" class=\"track_this_link \" rel=\"noopener noreferrer\">Art&#039;effect<\/a>\nLa page myspace du quatuor Art\u2019effect, dans lequel je joue du piano.<\/d><\/tr>\n<tr><td><a href=\"http:\/\/www.deezer.com\/track\/877153\" id=\"link-446\" class=\"track_this_link \" rel=\"noopener noreferrer\" title=\"Au secours\"><img decoding=\"async\" src=\"https:\/\/www.robothumb.com\/src\/?url=http:\/\/www.deezer.com\/track\/877153&size=120x90\"\/><\/a><\/td><td><a href=\"http:\/\/www.deezer.com\/track\/877153\" id=\"link-446\" class=\"track_this_link \" rel=\"noopener noreferrer\">Au secours<\/a>\nQuand Patrick Sebastien va chez Mozart...<\/d><\/tr>\n<tr><td><a href=\"http:\/\/b238-legroupe.com\/\" id=\"link-437\" class=\"track_this_link \" rel=\"noopener noreferrer\" title=\"B238\"><img decoding=\"async\" src=\"https:\/\/www.robothumb.com\/src\/?url=http:\/\/b238-legroupe.com\/&size=120x90\"\/><\/a><\/td><td><a href=\"http:\/\/b238-legroupe.com\/\" id=\"link-437\" class=\"track_this_link \" rel=\"noopener noreferrer\">B238<\/a>\nLe site officiel de B238, un groupe gras et houblonneux dans lequel j\u2019officie au clavier.<\/d><\/tr>\n<tr><td><a href=\"https:\/\/www.youtube.com\/watch?v=qp7t5ZW9fm4\" id=\"link-442\" class=\"track_this_link \" rel=\"noopener noreferrer\" title=\"Bienvenue dans l&#039;Aveyron\"><img decoding=\"async\" src=\"https:\/\/www.robothumb.com\/src\/?url=https:\/\/www.youtube.com\/watch?v=qp7t5ZW9fm4&size=120x90\"\/><\/a><\/td><td><a href=\"https:\/\/www.youtube.com\/watch?v=qp7t5ZW9fm4\" id=\"link-442\" class=\"track_this_link \" rel=\"noopener noreferrer\">Bienvenue dans l&#039;Aveyron<\/a>\nBienvenue dans l\u2019Aveyron !<\/d><\/tr>\n<tr><td><a href=\"#\" id=\"link-443\" class=\"track_this_link \" rel=\"noopener noreferrer\" title=\"Dream Theater\"><img decoding=\"async\" src=\"https:\/\/www.robothumb.com\/src\/?url=http:\/\/www.dreamtheater.net\/&size=120x90\"\/><\/a><\/td><td><a href=\"http:\/\/www.dreamtheater.net\/\" id=\"link-443\" class=\"track_this_link \" rel=\"noopener noreferrer\">Dream Theater<\/a>\nLe site officiel de Dream Theater, mon groupe de metal progressif pr\u00e9f\u00e9r\u00e9.<\/d><\/tr>\n<tr><td><a href=\"http:\/\/foogoo-legroupe.com\/\" id=\"link-436\" class=\"track_this_link \" rel=\"noopener noreferrer\" title=\"Foogoo\"><img decoding=\"async\" src=\"https:\/\/www.robothumb.com\/src\/?url=http:\/\/foogoo-legroupe.com\/&size=120x90\"\/><\/a><\/td><td><a href=\"http:\/\/foogoo-legroupe.com\/\" id=\"link-436\" class=\"track_this_link \" rel=\"noopener noreferrer\">Foogoo<\/a>\nLe site officiel de Foogoo, le groupe (dans lequel je suis clavier) dont vous ne pourrez plus vous passer quand vous l\u2019aurez laiss\u00e9 animer votre mariage !<\/d><\/tr>\n<tr><td><a href=\"http:\/\/www.solfege.org\/\" id=\"link-447\" class=\"track_this_link \" rel=\"noopener noreferrer\" title=\"GNU Solfege\"><img decoding=\"async\" src=\"https:\/\/www.robothumb.com\/src\/?url=http:\/\/www.solfege.org\/&size=120x90\"\/><\/a><\/td><td><a href=\"http:\/\/www.solfege.org\/\" id=\"link-447\" class=\"track_this_link \" rel=\"noopener noreferrer\">GNU Solfege<\/a>\nUn logiciel de ear training gratuit pour s&#039;entra\u00eener \u00e0 faire des dict\u00e9es bien dures :&#039;-(<\/d><\/tr>\n<tr><td><a href=\"http:\/\/lilypond.org\/web\/\" id=\"link-439\" class=\"track_this_link \" rel=\"noopener noreferrer\" title=\"Lilypond\"><img decoding=\"async\" src=\"https:\/\/www.robothumb.com\/src\/?url=http:\/\/lilypond.org\/web\/&size=120x90\"\/><\/a><\/td><td><a href=\"http:\/\/lilypond.org\/web\/\" id=\"link-439\" class=\"track_this_link \" rel=\"noopener noreferrer\">Lilypond<\/a>\nPour ceux qui comme moi ne peuvent plus supporter Finale, Lilypond est un \u00e9diteur de partition tr\u00e8s pratique, on \u00e9crit dans un fichier texte des donn\u00e9es (notes, dur\u00e9es, articulations\u2026) et ce logiciel g\u00e9n\u00e8re des fichiers pdf et midi. Il se prend en main en<\/d><\/tr>\n<tr><td><a href=\"http:\/\/www.morow.com\/\" id=\"link-444\" class=\"track_this_link \" rel=\"noopener noreferrer\" title=\"Morow\"><img decoding=\"async\" src=\"https:\/\/www.robothumb.com\/src\/?url=http:\/\/www.morow.com\/&size=120x90\"\/><\/a><\/td><td><a href=\"http:\/\/www.morow.com\/\" id=\"link-444\" class=\"track_this_link \" rel=\"noopener noreferrer\">Morow<\/a>\nLe rock progressif a aussi sa radio : morow.com<\/d><\/tr>\n<tr><td><a href=\"http:\/\/myspace.com\/boriszehammer\" id=\"link-435\" class=\"track_this_link \" rel=\"noopener noreferrer\" title=\"Myspace\"><img decoding=\"async\" src=\"https:\/\/www.robothumb.com\/src\/?url=http:\/\/myspace.com\/boriszehammer&size=120x90\"\/><\/a><\/td><td><a href=\"http:\/\/myspace.com\/boriszehammer\" id=\"link-435\" class=\"track_this_link \" rel=\"noopener noreferrer\">Myspace<\/a>\nMa page chez myspace<\/d><\/tr>\n<tr><td><a href=\"http:\/\/download.alexandre-mesle.com\/musique\/papier\/musicPaper12.pdf\" id=\"link-440\" class=\"track_this_link \" rel=\"noopener noreferrer\" title=\"Papier musique (12)\"><img decoding=\"async\" src=\"https:\/\/www.robothumb.com\/src\/?url=http:\/\/download.alexandre-mesle.com\/musique\/papier\/musicPaper12.pdf&size=120x90\"\/><\/a><\/td><td><a href=\"http:\/\/download.alexandre-mesle.com\/musique\/papier\/musicPaper12.pdf\" id=\"link-440\" class=\"track_this_link \" rel=\"noopener noreferrer\">Papier musique (12)<\/a>\nPour ceux qui en ont marre de payer leurs cahiers de port\u00e9es une fortune, voici du papier musique fait maison \u00e0 12 port\u00e9es par page<\/d><\/tr>\n<tr><td><a href=\"http:\/\/download.alexandre-mesle.com\/musique\/papier\/musicPaper16.pdf\" id=\"link-441\" class=\"track_this_link \" rel=\"noopener noreferrer\" title=\"Papier musique (16)\"><img decoding=\"async\" src=\"https:\/\/www.robothumb.com\/src\/?url=http:\/\/download.alexandre-mesle.com\/musique\/papier\/musicPaper16.pdf&size=120x90\"\/><\/a><\/td><td><a href=\"http:\/\/download.alexandre-mesle.com\/musique\/papier\/musicPaper16.pdf\" id=\"link-441\" class=\"track_this_link \" rel=\"noopener noreferrer\">Papier musique (16)<\/a>\nPour ceux qui en ont marre de payer leurs cahiers de port\u00e9es une fortune, voici du papier musique fait maison \u00e0 16 port\u00e9es par page.<\/d><\/tr>\n<tr><td><a href=\"http:\/\/www.dailymotion.com\/video\/x3rjtw_final-countdown-live-chanteur-faux_fun\" id=\"link-445\" class=\"track_this_link \" rel=\"noopener noreferrer\" title=\"The Final Countdown\"><img decoding=\"async\" src=\"https:\/\/www.robothumb.com\/src\/?url=http:\/\/www.dailymotion.com\/video\/x3rjtw_final-countdown-live-chanteur-faux_fun&size=120x90\"\/><\/a><\/td><td><a href=\"http:\/\/www.dailymotion.com\/video\/x3rjtw_final-countdown-live-chanteur-faux_fun\" id=\"link-445\" class=\"track_this_link \" rel=\"noopener noreferrer\">The Final Countdown<\/a>\nLa version la plus \u00e9pique du Final Countdown de Europe<\/d><\/tr>\n\t<\/table>\n<\/table><\/div><!-- Div End Category -->\n<div class=\"llthumbshotsnotice\"><a href=\"http:\/\/www.robothumb.com\" target=\"_blank\">Captures d'\u00e9cran par Robothumb<\/a><\/div><script data-jetpack-boost=\"ignore\" type='text\/javascript'>\njQuery(document).ready(function()\n{\njQuery('.arrow-up').hide();\njQuery('#linklist1 a.track_this_link').click(function() {\nlinkid = this.id;\nlinkid = linkid.substring(5);\npath = '';\njQuery.ajax( {    type: 'POST',    url: 'https:\/\/www.alexandre-mesle.com\/wp-admin\/admin-ajax.php',     data: { action: 'link_library_tracker',             _ajax_nonce: 'f809f3f8bf',             id:linkid, xpath:path }     });\nreturn true;\n});\njQuery('#linklist1 .expandlinks').click(function() {\ntarget = '.' + jQuery(this).attr('id');\nsubcattarget = '.' + jQuery(this).attr('data-subcat');\nif ( jQuery( target ).is(':visible') ) {\njQuery(target).slideUp();\njQuery(subcattarget).slideToggle();\njQuery(this).children('img').attr('src', 'https:\/\/www.alexandre-mesle.com\/wp-content\/plugins\/link-library\/icons\/expand-32.png');\n} else {\njQuery(target).slideDown();\njQuery(subcattarget).slideToggle();\njQuery(this).children('img').attr('src', 'https:\/\/www.alexandre-mesle.com\/wp-content\/plugins\/link-library\/icons\/collapse-32.png');\n}\n});\njQuery('#linklist1 .linklistcatclass').click(function() {\njQuery(this).siblings('.expandlinks').click();\n});\njQuery('#linklist1 .linklistcatnamedesc').click(function() {\njQuery(this).siblings('.expandlinks').click();\n});\n});\n<\/script>\n<\/div><!-- Div Linklist -->\n<!-- End of Link Library Output -->\n\n\n","protected":false},"excerpt":{"rendered":"<p>J\u2019essaie, depuis quelques ann\u00e9es, de devenir de moins en moins m\u00e9diocre dans la pratique des instruments sur lesquels je m\u2019\u00e9corche fr\u00e9quement les doigts (guitare, basse, piano). J\u2019ai l\u2019intention, \u00e0 la mesure du temps libre que j\u2019aurai, de placer dans ces&#8230; <a class=\"more-link\" href=\"http:\/\/www.dailymotion.com\/video\/x3rjtw_final-countdown-live-chanteur-faux_fun\">Continue Reading &rarr;<\/a><\/p>\n","protected":false},"author":1,"featured_media":0,"parent":0,"menu_order":0,"comment_status":"closed","ping_status":"closed","template":"","meta":{"jetpack_post_was_ever_published":false,"footnotes":""},"class_list":["post-22","page","type-page","status-publish","hentry"],"jetpack_sharing_enabled":true,"jetpack_shortlink":"https:\/\/wp.me\/P8i9jg-m","jetpack-related-posts":[],"_links":{"self":[{"href":"https:\/\/www.alexandre-mesle.com\/index.php\/wp-json\/wp\/v2\/pages\/22","targetHints":{"allow":["GET"]}}],"collection":[{"href":"https:\/\/www.alexandre-mesle.com\/index.php\/wp-json\/wp\/v2\/pages"}],"about":[{"href":"https:\/\/www.alexandre-mesle.com\/index.php\/wp-json\/wp\/v2\/types\/page"}],"author":[{"embeddable":true,"href":"https:\/\/www.alexandre-mesle.com\/index.php\/wp-json\/wp\/v2\/users\/1"}],"replies":[{"embeddable":true,"href":"https:\/\/www.alexandre-mesle.com\/index.php\/wp-json\/wp\/v2\/comments?post=22"}],"version-history":[{"count":5,"href":"https:\/\/www.alexandre-mesle.com\/index.php\/wp-json\/wp\/v2\/pages\/22\/revisions"}],"predecessor-version":[{"id":453,"href":"https:\/\/www.alexandre-mesle.com\/index.php\/wp-json\/wp\/v2\/pages\/22\/revisions\/453"}],"wp:attachment":[{"href":"https:\/\/www.alexandre-mesle.com\/index.php\/wp-json\/wp\/v2\/media?parent=22"}],"curies":[{"name":"wp","href":"https:\/\/api.w.org\/{rel}","templated":true}]}}